
Is 24602 a multiple of 24?
False
Does 130 divide 15704?
False
Is 186 a factor of 38709?
False
Does 16 divide 1984?
True
Is 22 a factor of 22?
True
Is 21 a factor of 28303?
False
Is 41 a factor of 11849?
True
Is 7067 a multiple of 73?
False
Is 4128 a multiple of 86?
True
Does 11 divide 3438?
False
Is 5 a factor of 2245?
True
Is 7 a factor of 8835?
False
Is 53 a factor of 371?
True
Is 2112 even?
True
Is 1262 a multiple of 2?
True
Is 73 a factor of 8468?
True
Does 33 divide 14437?
False
Is 8 a factor of 8446?
False
Does 92 divide 33079?
False
Is 10 a factor of 1641?
False
Does 13 divide 107575?
True
Does 305 divide 23181?
False
Is 2448 a multiple of 34?
True
Is 20 a factor of 1865?
False
Is 22 a factor of 16237?
False
Is 2 a factor of 321?
False
Is 14 a factor of 134911?
False
Is 3 a factor of 2925?
True
Is 17 a factor of 1615?
True
Is 79 a factor of 4075?
False
Is 6 a factor of 608?
False
Is 12 a factor of 258?
False
Is 130042 a multiple of 29?
False
Does 147 divide 67179?
True
Is 54 a factor of 6714?
False
Is 10 even?
True
Is 1572 a multiple of 25?
False
Is 35 a factor of 5075?
True
Is 630 a multiple of 35?
True
Is 171 a factor of 15219?
True
Is 583 a multiple of 44?
False
Is 23 a factor of 5621?
False
Does 31 divide 17553?
False
Is 190 a multiple of 5?
True
Does 31 divide 1388?
False
Does 37 divide 647?
False
Is 177 a factor of 21484?
False
Does 4 divide 18164?
True
Is 11 a factor of 1294?
False
Does 12 divide 2964?
True
Is 1104 a multiple of 46?
True
Is 616 a multiple of 88?
True
Does 106 divide 21670?
False
Is 174 a multiple of 6?
True
Does 8 divide 3341?
False
Does 21 divide 17892?
True
Is 11 a factor of 21625?
False
Is 245 a factor of 86591?
False
Is 2070 a multiple of 90?
True
Is 5 a factor of 652?
False
Does 127 divide 22068?
False
Is 34 a factor of 306?
True
Is 13 a factor of 6903?
True
Is 12969 a multiple of 22?
False
Does 28 divide 1232?
True
Is 32 a multiple of 8?
True
Does 42 divide 168?
True
Is 41 a factor of 1927?
True
Does 9 divide 345?
False
Is 45 a factor of 36045?
True
Is 27 a multiple of 9?
True
Is 392 a multiple of 25?
False
Is 65130 a multiple of 42?
False
Is 3245 a multiple of 55?
True
Is 18816 a multiple of 192?
True
Does 39 divide 1753?
False
Is 5436 a multiple of 91?
False
Is 1003 a multiple of 59?
True
Is 180 a multiple of 20?
True
Is 54 a factor of 134?
False
Does 22 divide 814?
True
Is 12 a multiple of 12?
True
Does 68 divide 3876?
True
Is 11 a factor of 2464?
True
Does 18 divide 108?
True
Is 6962 a multiple of 59?
True
Does 86 divide 51428?
True
Is 36 a factor of 1872?
True
Is 58 a factor of 1392?
True
Does 107 divide 4387?
True
Does 64 divide 3916?
False
Is 1152 a multiple of 48?
True
Is 6101 a multiple of 54?
False
Does 101 divide 4576?
False
Is 23 a factor of 9395?
False
Does 148 divide 65556?
False
Is 948 a multiple of 3?
True
Does 58 divide 6989?
False
Is 40 a factor of 18920?
True
Does 15 divide 8325?
True
Is 55 a factor of 1705?
True
Is 3 a factor of 117?
True
Does 3 divide 55?
False
Does 31 divide 8835?
True
Does 15 divide 1837?
False
Does 37 divide 892?
False
Does 114 divide 63244?
False
Is 32 a multiple of 8?
True
Does 9 divide 786?
False
Is 21065 a multiple of 55?
True
Does 10 divide 30?
True
Does 28 divide 3852?
False
Is 39 a factor of 390?
True
Does 155 divide 6620?
False
Does 13 divide 1936?
False
Is 437 a multiple of 23?
True
Does 7 divide 325?
False
Is 26 a factor of 33436?
True
Is 36 a factor of 288?
True
Is 2 a factor of 8981?
False
Is 135120 a multiple of 16?
True
Does 5 divide 12948?
False
Is 5399 a multiple of 67?
False
Is 5528 a multiple of 13?
False
Does 12 divide 4452?
True
Does 5 divide 540?
True
Is 7202 a multiple of 2?
True
Is 16197 a multiple of 68?
False
Does 2 divide 2309?
False
Does 82 divide 15252?
True
Does 6 divide 2484?
True
Does 18 divide 7585?
False
Is 114 a multiple of 14?
False
Does 19 divide 1672?
True
Is 3 a factor of 7453?
False
Does 69 divide 2262?
False
Is 1495 a multiple of 37?
False
Is 24 a factor of 2160?
True
Is 9181 a multiple of 135?
False
Does 20 divide 12520?
True
Is 290 a multiple of 10?
True
Does 36 divide 1044?
True
Is 987 a multiple of 30?
False
Is 5 a factor of 393?
False
Is 4 a factor of 67?
False
Is 25838 a multiple of 109?
False
Is 48 a factor of 10752?
True
Is 13 a factor of 848?
False
Does 20 divide 5076?
False
Is 5791 a multiple of 15?
False
Is 11 a factor of 957?
True
Is 2640 a multiple of 88?
True
Does 140 divide 21560?
True
Is 16096 a multiple of 12?
False
Is 207 a factor of 1035?
True
Is 194 a factor of 1746?
True
Does 2 divide 62?
True
Is 3 a factor of 1069?
False
Does 16 divide 1904?
True
Is 24 a factor of 2534?
False
Does 20 divide 22560?
True
Is 9 a factor of 1773?
True
Is 5 a factor of 296?
False
Does 18 divide 1505?
False
Does 43 divide 12212?
True
Is 10 a factor of 10472?
False
Does 28 divide 2520?
True
Is 2373 a multiple of 46?
False
Is 715 a multiple of 17?
False
Does 13 divide 12038?
True
Is 1653 a multiple of 29?
True
Is 111 a multiple of 2?
False
Is 78 a factor of 2568?
False
Does 20 divide 423?
False
Is 4586 a multiple of 18?
False
Does 40 divide 360?
True
Is 8 a factor of 10528?
True
Is 4079 a multiple of 24?
False
Does 6 divide 144?
True
Is 15960 a multiple of 11?
False
Is 4408 a multiple of 7?
False
Does 41 divide 4016?
False
Is 204 a multiple of 2?
True
Does 116 divide 8401?
False
Is 8745 a multiple of 143?
False
Does 16 divide 1477?
False
Is 77616 a multiple of 154?
True
Is 2479 a multiple of 67?
True
Does 8 divide 54280?
True
Is 1692 a multiple of 47?
True
Is 360 a multiple of 9?
True
Is 628 a multiple of 25?
False
Is 291 a factor of 90501?
True
Is 28459 a multiple of 191?
True
Does 26 divide 513?
False
Is 66 a factor of 1584?
True
Is 2 a factor of 214?
True
Does 61 divide 6771?
True
Does 10 divide 4730?
True
Is 20376 a multiple of 8?
True
Is 1253 a multiple of 11?
False
Is 47 a factor of 28787?
False
Is 16380 a multiple of 28?
True
Does 229 divide 1603?
True
Does 26 divide 3503?
False
Is 42 a factor of 154066?
False
Is 189 a factor of 13198?
False
Is 363 a multiple of 33?
True
Is 7433 a multiple of 40?
False
Does 92 divide 5483?
False
Is 7 a factor of 231?
True
Does 5 divide 15?
True
Does 58 divide 2666?
False
Is 7092 a multiple of 68?
False
Does 3 divide 231?
True
Does 23 divide 6766?
False
Is 5418 a multiple of 38?
False
Is 62452 a multiple of 51?
False
Is 14 a factor of 36680?
True
Does 184 divide 22406?
False
Is 13 a factor of 33448?
False
Does 5 divide 547?
False
Is 3861 a multiple of 33?
True
Is 28 a factor of 8273?
False
Is 1643 a multiple of 23?
False
Does 22 divide 77116?
False
Is 6 a factor of 1608?
True
Is 212 a multiple of 4?
True
Is 114 a factor of 3444?
False
Is 42 even?
True
Does 10 divide 640?
True
Does 41 divide 6063?
False
Does 106 divide 13268?
False
Does 4 divide 2744?
True
Is 6360 a multiple of 106?
True
Does 74 divide 2735?
False
Is 12558 a multiple of 91?
True
Is 6640 a multiple of 10?
True
Is 324 a multiple of 81?
True
Does 48 divide 7344?
True
Is 66 a factor of 11814?
True
Does 17 divide 50745?
True
Does 70 divide 6369?
False
Does 36 divide 32904?
True
Is 53 a factor of 2060?
False
Does 15 divide 1183?
False
Does 126 divide 5980?
False
Does 60 divide 1264?
False
Is 10922 a multiple of 21?
False
Does 13 divide 991?
False
Is 105 a factor of 102165?
True
Is 702 a multiple of 18?
True
Is 235 a multiple of 4?
False
Is 782 a multiple of 26?
False
Is 1462 a multiple of 17?
True
Is 84032 a multiple of 202?
True
Is 1063 a multiple of 6?
False
Does 6 divide 1605?
False
Is 101 a factor of 607?
False
Is 19 a factor of 342?
True
Does 141 divide 3666?
True
Is 13 a factor of 6338?
False
Is 5858 a multiple of 58?
True
Does 151 divide 6946?
True
Does 37 divide 1661?
False
Is 19228 a multiple of 22?
True
Is 10 a factor of 27226?
False
Is 94 a factor of 2923?
False
Is 1870 a multiple of 56?
False
Does 9 divide 5130?
True
Is 27 a factor of 5157?
True
Does 118 divide 3540?
True
Is 3058 a multiple of 11?
True
Is 2810 a multiple of 3?
False
Is 2975 a multiple of 124?
False
Is 20 a factor of 640?
True
Is 147 a factor of 735?
True
Does 13 divide 634?
False
Is 3 a factor of 314?
False
Does 25 divide 820?
False
Does 43 divide 27090?
True
Does 3 divide 1329?
True
Does 38 divide 4142?
True
Is 354 a multiple of 14?
False
Is 16 a 